8?
2, 97, 341171
List the prime factors of 52008466.
2, 26004233
What are the prime factors of 12782610?
2, 3, 5, 43, 367
List the prime factors of 2379821056.
2, 37, 41, 383
What are the prime factors of 64917771?
3, 21639257
What are the prime factors of 4849619401?
11, 59, 7472449
What are the prime factors of 1010792082?
2, 3, 61, 2761727
List the prime factors of 1422443655.
3, 5, 43, 735113
List the prime factors of 491263697.
71, 101, 68507
What are the prime factors of 1035489535?
5, 139, 199, 7487
What are the prime factors of 50177874?
2, 3, 1117, 7487
List the prime factors of 279782119.
139, 2012821
What are the prime factors of 28576268?
2, 7, 433, 2357
What are the prime factors of 900287119?
409, 2201191
List the prime factors of 674707998.
2, 3, 112451333
List the prime factors of 1952184396.
2, 3, 73, 2228521
List the prime factors of 2747235598.
2, 17, 23, 29, 229
What are the prime factors of 6206879551?
31, 200221921
List the prime factors of 97652664.
2, 3, 23, 109, 541
What are the prime factors of 89525388?
2, 3, 7460449
What are the prime factors of 31631663?
7, 29, 155821
What are the prime factors of 102034465?
5, 13, 19, 82619
What are the prime factors of 3645974991?
3, 883, 1376359
What are the prime factors of 86744017?
23, 29, 130051
What are the prime factors of 496897381?
496897381
What are the prime factors of 3165259874?
2, 7, 226089991
What are the prime factors of 1187492995?
5, 13, 1249, 14627
What are the prime factors of 942659445?
3, 5, 7, 13, 19, 1913
List the prime factors of 114802119.
3, 97, 107, 1229
What are the prime factors of 42974386?
2, 7, 13, 389, 607
List the prime factors of 770692230.
2, 3, 5, 7, 11, 111211
List the prime factors of 363610887.
3, 23, 5269723
What are the prime factors of 1715690307?
3, 571896769
What are the prime factors of 1634873027?
1634873027
What are the prime factors of 104490192?
2, 3, 139, 15661
List the prime factors of 1168262387.
151, 191, 40507
List the prime factors of 31565139.
3, 43, 244691
What are the prime factors of 39034914?
2, 3, 163, 167, 239
List the prime factors of 198300382.
2, 7, 2671, 5303
List the prime factors of 2627337816.
2, 3, 12163601
List the prime factors of 10876027.
1741, 6247
List the prime factors of 1017458262.
2, 3, 17, 3325027
What are the prime factors of 487807331?
11, 257, 172553
List the prime factors of 96712131.
3, 32237377
What are the prime factors of 65784847?
29, 2268443
What are the prime factors of 6256701818?
2, 229, 733, 18637
What are the prime factors of 125557597?
11, 17, 671431
What are the prime factors of 49738540?
2, 5, 89, 27943
List the prime factors of 154492617.
3, 17, 653, 4639
What are the prime factors of 4634555893?
11, 31, 1423, 9551
List the prime factors of 6038008840.
2, 5, 5953, 25357
What are the prime factors of 308641601?
308641601
What are the prime factors of 30406267?
37, 233, 3527
What are the prime factors of 472999160?
2, 5, 17, 71, 97, 101
List the prime factors of 782527039.
7, 29, 401, 9613
List the prime factors of 39943291.
53, 753647
List the prime factors of 711092427.
3, 191, 1240999
List the prime factors of 104728896.
2, 3, 60607
What are the prime factors of 389101483?
167, 2329949
What are the prime factors of 57786275?
5, 2311451
What are the prime factors of 599414093?
67, 101, 283, 313
List the prime factors of 35521521.
3, 7, 241643
What are the prime factors of 145764046?
2, 31, 2351033
List the prime factors of 43777271.
83, 281, 1877
What are the prime factors of 4166884324?
2, 1041721081
List the prime factors of 133234135.
5, 239, 111493
List the prime factors of 285790580.
2, 5, 83, 107, 1609
What are the prime factors of 10353263?
10353263
List the prime factors of 12817218.
2, 3, 17, 125659
What are the prime factors of 1693245471?
3, 157, 3595001
List the prime factors of 154675595.
5, 683, 45293
What are the prime factors of 684584540?
2, 5, 3907, 8761
List the prime factors of 225267340.
2, 5, 17, 662551
What are the prime factors of 87125387?
79, 1102853
List the prime factors of 821895468.
2, 3, 68491289
What are the prime factors of 170660472?
2, 3, 7110853
List the prime factors of 1610271510.
2, 3, 5, 2917, 18401
What are the prime factors of 111709933?
257, 593, 733
What are the prime factors of 513461174?
2, 101, 1523, 1669
What are the prime factors of 693176351?
7, 47, 2106919
List the prime factors of 688929371.
13, 59, 898213
List the prime factors of 44109027.
3, 881, 5563
List the prime factors of 3801111514.
2, 23, 139, 25847
What are the prime factors of 829409013?
3, 67, 109, 12619
What are the prime factors of 1223336812?
2, 19, 29, 555053
List the prime factors of 24060679.
24060679
What are the prime factors of 403892751?
3, 134630917
List the prime factors of 1457130546.
2, 3, 23, 61, 2137
List the prime factors of 153765621.
3, 41, 46301
What are the prime factors of 4129058306?
2, 911, 2266223
What are the prime factors of 1593772812?
2, 3, 43, 1029569
List the prime factors of 260844817.
23, 271, 41849
List the prime factors of 2359150980.
2, 3, 5, 107, 367469
List the prime factors of 789279652.
2, 7, 4026937
What are the prime factors of 9319605?
3, 5, 43, 14449
List the prime factors of 1315826000.
2, 5, 19, 31, 1117
List the prime factors of 674933399.
7, 73, 188687
List the prime factors of 2247775681.
26189, 85829
What are the prime factors of 2612050271?
29, 90070699
What are the prime factors of 241242287?
11, 13, 1687009
List the prime factors of 20509871.
17, 449, 2687
What are the prime factors of 814415667?
3, 13, 73, 286061
What are the prime factors of 121558502?
2, 13, 31, 67, 2251
What are the prime factors of 84686243?
84686243
What are the prime factors of 2028330096?
2, 3, 13, 83, 39163
List the prime factors of 1424469431.
7, 11, 2411, 7673
List the prime factors of 57756256.
2, 499, 3617
What are the prime factors of 1101367568?
2, 7, 29, 339091
What are the prime factors of 1574288244?
2, 3, 19, 61, 12577
List the prime factors of 83270042.
2, 41635021
List the prime factors of 4538265590.
2, 5, 453826559
List the prime factors of 221158840.
2, 5, 7, 283, 2791
What are the prime factors of 713010670?
2, 5, 83, 859049
What are the prime factors of 11008011?
3, 7, 19, 47, 587
List the prime factors of 1173279679.
11, 13, 67, 139, 881
What are the prime factors of 214170035?
5, 42834007
List the prime factors of 2642225809.
23, 1619, 70957
List the prime factors of 17119871.
17119871
What are the prime factors of 80848797?
3, 53, 461, 1103
What are the prime factors of 27446017?
27446017
List the prime factors of 25371007.
25371007
What are the prime factors of 16927795?
5, 3385559
What are the prime factors of 2408282717?
673, 827, 4327
List the prime factors of 282376.
2, 47, 751
List the prime factors of 306781995.
3, 5, 13, 43, 36587
List the prime factors of 366996038.
2, 183498019
What are the prime factors of 3928506399?
3, 16166693
What are the prime factors of 309486280?
2, 5, 139, 55663
List the prime factors of 128594209.
43, 47, 63629
List the prime factors of 489718889.
11, 44519899
What are the prime factors of 486441001?
14717, 33053
What are the prime factors of 86460232?
2, 17, 635737
What are the prime factors of 264355365?
3, 5, 71, 89, 2789
What are the prime factors of 16919707?
7, 31, 103, 757
What are the prime factors of 59763684?
2, 3, 1873, 2659
List the prime factors of 238015128.
2, 3, 13, 19, 40151
What are the prime factors of 26125022?
2, 7, 11, 17, 587
List the prime factors of 456559183.
1697, 269039
List the prime factors of 4731887693.
13, 353, 1031137
What are the prime factors of 1221999224?
2, 152749903
What are the prime factors of 76637013?
3, 19, 1344509
What are the prime factors of 231951918?
2, 3, 11, 23, 29, 479
List the prime factors of 2990047530.
2, 3, 5, 99668251
List the prime factors of 43454697.
3, 11, 13, 101293
List the prime factors of 368915838.
2, 3, 5323, 11551
List the prime factors of 92363318.
2, 29, 1592471
List the prime factors of 3476142706.
2, 61, 28492973
What are the prime factors of 1611175059?
3, 13, 31, 79, 5623
List the prime factors of 120869664.
2, 3, 109, 11551
List the prime factors of 464530458.
2, 3, 7, 11060249
List the prime factors o